{"id":3,"date":"2020-01-11T16:30:48","date_gmt":"2020-01-11T16:30:48","guid":{"rendered":"http:\/\/reikivietnam.org\/wordpress\/?page_id=3"},"modified":"2021-04-25T09:39:17","modified_gmt":"2021-04-25T02:39:17","slug":"privacy-policy","status":"publish","type":"page","link":"https:\/\/reikivietnam.org\/?page_id=3","title":{"rendered":"Ch\u00ednh s\u00e1ch ri\u00eang t\u01b0"},"content":{"rendered":"\n<p class=\"has-medium-font-size\"><strong>Ch\u00fang t\u00f4i l\u00e0 nh\u1eefng ng\u01b0\u1eddi quan t\u00e2m t\u1edbi s\u1ef1 tr\u01b0\u1edfng th\u00e0nh t\u00e2m th\u1ee9c c\u00e1 nh\u00e2n c\u1ee7a ch\u00ednh m\u00ecnh.<\/strong><\/p>\n\n\n\n<p class=\"has-medium-font-size\">\u0110\u1ecba ch\u1ec9 website c\u1ee7a ch\u00fang t\u00f4i l\u00e0: http:\/\/reikivietnam.org<\/p>\n\n\n\n<p>Ch\u00fang t\u00f4i kh\u00f4ng thu th\u1eadp b\u1ea5t k\u00ec th\u00f4ng tin c\u00e1 nh\u00e2n n\u00e0o c\u1ee7a nh\u1eefng ng\u01b0\u1eddi t\u1edbi th\u0103m website reikivietnam.org.<\/p>\n\n\n\n<h4 class=\"wp-block-heading\">Media<\/h4>\n\n\n\n<p>N\u1ebfu b\u1ea1n t\u1ea3i \u1ea3nh l\u00ean website c\u1ee7a ch\u00fang t\u00f4i, b\u1ea1n n\u00ean tr\u00e1nh t\u1ea3i \u1ea3nh c\u00f3 d\u1eef li\u1ec7u v\u1ecb tr\u00ed nh\u00fang s\u1eb5n (EXIF GPS). Kh\u00e1ch th\u0103m website c\u00f3 th\u1ec3 t\u1ea3i xu\u1ed1ng v\u00e0 tr\u00edch ra b\u1ea5t k\u00ec d\u1eef li\u1ec7u v\u1ecb tr\u00ed n\u00e0o t\u1eeb \u1ea3nh tr\u00ean website.<\/p>\n\n\n\n<h4 class=\"wp-block-heading\">Cookies<\/h4>\n\n\n\n<p>N\u1ebfu b\u1ea1n \u0111\u1ec3 l\u1ea1i l\u1eddi b\u00ecnh lu\u1eadn v\u1ec1 ph\u00eda ch\u00fang t\u00f4i, b\u1ea1n c\u00f3 th\u1ec3 c\u0169ng \u0111\u1ec3 l\u1ea1i th\u00f4ng tin khi l\u01b0u t\u00ean, \u0111\u1ecba ch\u1ec9 email v\u00e0 website c\u1ee7a b\u1ea1n trong cookies. Nh\u1eefng th\u00f4ng tin n\u00e0y l\u00e0 \u0111\u1ec3 thu\u1eadn ti\u1ec7n cho b\u1ea1n \u0111\u1ec3 cho b\u1ea1n kh\u00f4ng ph\u1ea3i \u0111i\u1ec1n l\u1ea1i c\u00e1c th\u00f4ng tin \u0111\u00f3 khi b\u1ea1n \u0111\u1ec3 l\u1ea1i b\u00ecnh lu\u1eadn kh\u00e1c. Nh\u1eefng cookies n\u00e0y s\u1ebd k\u00e9o d\u00e0i trong m\u1ed9t n\u0103m.<\/p>\n\n\n\n<p>N\u1ebfu b\u1ea1n mu\u1ed1n th\u0103m trang \u0111\u0103ng nh\u1eadp c\u1ee7a ch\u00fang t\u00f4i, ch\u00fang t\u00f4i s\u1ebd \u0111\u1eb7t cookie t\u1ea1m th\u1eddi n\u1ebfu tr\u00ecnh duy\u1ec7t c\u1ee7a b\u1ea1n ch\u1ea5p nh\u1eadn cookies. Cookie n\u00e0y kh\u00f4ng ch\u1ee9a d\u1eef li\u1ec7u c\u00e1 nh\u00e2n v\u00e0 b\u1ecb b\u1ecf \u0111i khi b\u1ea1n \u0111\u00f3ng tr\u00ecnh duy\u1ec7t c\u1ee7a b\u1ea1n.<\/p>\n\n\n\n<p>Khi b\u1ea1n \u0111\u0103ng nh\u1eadp, ch\u00fang t\u00f4i c\u0169ng s\u1ebd thi\u1ebft l\u1eadp v\u00e0i cookies \u0111\u1ec3 l\u01b0u th\u00f4ng tin \u0111\u0103ng nh\u1eadp c\u1ee7a b\u1ea1n v\u00e0 c\u00e1c ch\u1ecdn l\u1ef1a hi\u1ec3n th\u1ecb m\u00e0n h\u00ecnh c\u1ee7a b\u1ea1n. Cookies \u0111\u0103ng nh\u1eadp t\u1ed3n t\u1ea1i trong hai ng\u00e0y, v\u00e0 cookies tu\u1ef3 ch\u1ecdn m\u00e0n h\u00ecnh t\u1ed3n t\u1ea1i trong m\u1ed9t n\u0103m. N\u1ebfu b\u1ea1n ch\u1ecdn &#8220;Remember Me&#8221;, \u0111\u0103ng nh\u1eadp c\u1ee7a b\u1ea1n s\u1ebd k\u00e9o d\u00e0i trong hai tu\u1ea7n. N\u1ebfu b\u1ea1n \u0111\u0103ng xu\u1ea5t ra kh\u1ecfi t\u00e0i kho\u1ea3n c\u1ee7a b\u1ea1n, cookies \u0111\u0103ng nh\u1eadp s\u1ebd b\u1ecb lo\u1ea1i b\u1ecf.<\/p>\n\n\n\n<p>N\u1ebfu b\u1ea1n so\u1ea1n th\u1ea3o hay \u0111\u0103ng m\u1ed9t b\u00e0i vi\u1ebft, cookie ph\u1ee5 s\u1ebd \u0111\u01b0\u1ee3c l\u01b0u trong tr\u00ecnh duy\u1ec7t c\u1ee7a b\u1ea1n. Cookie n\u00e0y kh\u00f4ng ch\u1ee9a d\u1eef li\u1ec7u c\u00e1 nh\u00e2n v\u00e0 \u0111\u01a1n gi\u1ea3n ch\u1ec9 ra ID \u0111\u0103ng b\u00e0i c\u1ee7a b\u00e0i vi\u1ebft m\u00e0 b\u1ea1n v\u1eeba so\u1ea1n th\u1ea3o. N\u00f3 h\u1ebft h\u1ea1n sau 1 ng\u00e0y.<\/p>\n\n\n\n<h4 class=\"wp-block-heading\">N\u1ed9i dung \u0111\u01b0\u1ee3c nh\u00fang t\u1eeb websites kh\u00e1c<\/h4>\n\n\n\n<p>C\u00e1c b\u00e0i vi\u1ebft tr\u00ean tr\u1ea1m n\u00e0y c\u00f3 th\u1ec3 ch\u1ee9a nh\u1eefng n\u1ed9i d\u1ee5ng \u0111\u01b0\u1ee3c nh\u00fang (nh\u01b0 videos, \u1ea3nh, b\u00e0i vi\u1ebft v.v.). N\u1ed9i dung \u0111\u01b0\u1ee3c nh\u00fang t\u1eeb c\u00e1c websites kh\u00e1c h\u00e0nh x\u1eed theo \u0111\u00edch x\u00e1c c\u00f9ng c\u00e1ch nh\u01b0 kh\u00e1ch th\u0103m \u0111\u00e3 t\u1edbi th\u0103m website kia.<\/p>\n\n\n\n<p>Nh\u1eefng websites n\u00e0y c\u00f3 th\u1ec3 thu th\u1eadp d\u1eef li\u1ec7u v\u1ec1 b\u1ea1n, vi\u1ec7c d\u00f9ng cookies, vi\u1ec7c theo d\u00f5i b\u00ean th\u1ee9 ba ph\u1ee5 th\u00eam \u0111\u01b0\u1ee3c nh\u00fang, v\u00e0 gi\u00e1m s\u00e1t t\u01b0\u01a1ng t\u00e1c c\u1ee7a b\u1ea1n v\u1edbi n\u1ed9i dung \u0111\u01b0\u1ee3c nh\u00fang \u0111\u00f3, bao g\u1ed3m c\u1ea3 vi\u1ec7c theo d\u00f5i \u00fd \u0111\u1ecbnh c\u1ee7a b\u1ea1n v\u1edbi n\u1ed9i dung \u0111\u01b0\u1ee3c nh\u00fang n\u1ebfu b\u1ea1n c\u00f3 t\u00e0i kho\u1ea3n v\u00e0 \u0111\u01b0\u1ee3c \u0111\u0103ng nh\u1eadp v\u00e0o website \u0111\u00f3.<\/p>\n\n\n\n<h4 class=\"wp-block-heading\">Ph\u00e2n t\u00edch<\/h4>\n\n\n\n<h6 class=\"wp-block-heading\"><strong>Ch\u00fang t\u00f4i kh\u00f4ng chia s\u1ebb d\u1eef li\u1ec7u c\u1ee7a b\u1ea1n v\u1edbi b\u1ea5t k\u00ec b\u00ean th\u1ee9 ba n\u00e0o.<\/strong><\/h6>\n\n\n\n<h6 class=\"wp-block-heading\">Ch\u00fang t\u00f4i gi\u1eef d\u1eef li\u1ec7u c\u1ee7a b\u1ea1n trong bao l\u00e2u<\/h6>\n\n\n\n<p>N\u1ebfu b\u1ea1n \u0111\u1ec3 l\u1ea1i l\u1eddi b\u00ecnh lu\u1eadn, l\u1eddi b\u00ecnh lu\u1eadn v\u00e0 si\u00eau d\u1eef li\u1ec7u c\u1ee7a n\u00f3 \u0111\u01b0\u1ee3c gi\u1eef l\u1ea1i kh\u00f4ng x\u00e1c \u0111\u1ecbnh. \u0110i\u1ec1u n\u00e0y l\u00e0 v\u1eady \u0111\u1ec3 ch\u00fang t\u00f4i c\u00f3 th\u1ec3 nh\u1eadn ra v\u00e0 ch\u1ea5p thu\u1eadn b\u1ea5t k\u00ec b\u00ecnh lu\u1eadn ti\u1ebfp theo n\u00e0o m\u1ed9t c\u00e1ch t\u1ef1 \u0111\u1ed9ng thay v\u00ec gi\u1eef ch\u00fang trong h\u00e0ng \u0111\u1ee3i \u0111i\u1ec1u ti\u1ebft.<\/p>\n\n\n\n<p>V\u1edbi nh\u1eefng ng\u01b0\u1eddi d\u00f9ng \u0111\u0103ng k\u00ed tr\u00ean website c\u1ee7a ch\u00fang t\u00f4i (n\u1ebfu c\u00f3), ch\u00fang t\u00f4i c\u0169ng l\u01b0u gi\u1eef th\u00f4ng tin c\u00e1 nh\u00e2n h\u1ecd cung c\u1ea5p trong h\u1ed3 s\u01a1 ng\u01b0\u1eddi d\u00f9ng c\u1ee7a h\u1ecd. M\u1ecdi ng\u01b0\u1eddi d\u00f9ng \u0111\u1ec1u c\u00f3 th\u1ec3 xem, s\u1eeda, hay xo\u00e1 th\u00f4ng tin c\u00e1 nh\u00e2n c\u1ee7a h\u1ecd v\u00e0o b\u1ea5t k\u00ec l\u00fac n\u00e0o (tr\u1eeb vi\u1ec7c h\u1ecd kh\u00f4ng th\u1ec3 thay \u0111\u1ed5i t\u00ean ng\u01b0\u1eddi d\u00f9ng c\u1ee7a h\u1ecd). Ng\u01b0\u1eddi qu\u1ea3n tr\u1ecb website c\u0169ng c\u00f3 th\u1ec3 xem v\u00e0 s\u1eeda th\u00f4ng tin \u0111\u00f3.<\/p>\n\n\n\n<h6 class=\"wp-block-heading\">B\u1ea1n c\u00f3 quy\u1ec1n g\u00ec tr\u00ean d\u1eef li\u1ec7u c\u1ee7a b\u1ea1n<\/h6>\n\n\n\n<p>N\u1ebfu b\u1ea1n c\u00f3 t\u00e0i kho\u1ea3n tr\u00ean tr\u1ea1m n\u00e0y, hay \u0111\u00e3 \u0111\u1ec3 l\u1ea1i b\u00ecnh lu\u1eadn, b\u1ea1n c\u00f3 th\u1ec3 y\u00eau c\u1ea7u \u0111\u01b0\u1ee3c nh\u1eadn t\u1ec7p xu\u1ea5t kh\u1ea9u d\u1eef li\u1ec7u c\u00e1 nh\u00e2n m\u00e0 ch\u00fang t\u00f4i \u0111\u00e3 gi\u1eef v\u1ec1 b\u1ea1n, k\u1ec3 c\u1ea3 b\u1ea5t k\u00ec d\u1eef li\u1ec7u n\u00e0o b\u1ea1n \u0111\u00e3 cung c\u1ea5p cho ch\u00fang t\u00f4i. B\u1ea1n c\u0169ng c\u00f3 th\u1ec3 y\u00eau c\u1ea7u r\u1eb1ng ch\u00fang t\u00f4i xo\u00e1 m\u1ecdi d\u1eef li\u1ec7u c\u00e1 nh\u00e2n ch\u00fang t\u00f4i d\u00e3 gi\u1eef v\u1ec1 b\u1ea1n. \u0110i\u1ec1u n\u00e0y kh\u00f4ng ch\u1ee9a b\u1ea5t k\u00ec d\u1eef li\u1ec7u n\u00e0o ch\u00fang t\u00f4i c\u00f3 ngh\u0129a v\u1ee5 ph\u1ea3i gi\u1eef v\u00ec c\u00e1c ch\u1ee7 \u0111\u1ecbnh qu\u1ea3n tr\u1ecb, ph\u00e1p l\u00ed hay an ninh.<\/p>\n\n\n\n<h6 class=\"wp-block-heading\">N\u01a1i ch\u00fang t\u00f4i g\u1eedi d\u1eef li\u1ec7u c\u1ee7a b\u1ea1n<\/h6>\n\n\n\n<p>B\u00ecnh lu\u1eadn c\u1ee7a kh\u00e1ch th\u0103m c\u00f3 th\u1ec3 \u0111\u01b0\u1ee3c ki\u1ec3m qua d\u1ecbch v\u1ee5 ph\u00e1t hi\u1ec7n spam t\u1ef1 \u0111\u1ed9ng.<\/p>\n\n\n\n<h6 class=\"wp-block-heading\">Th\u00f4ng tin li\u00ean h\u1ec7 c\u1ee7a b\u1ea1n<\/h6>\n\n\n\n<h4 class=\"wp-block-heading\"><\/h4>\n","protected":false},"excerpt":{"rendered":"<p>Ch\u00fang t\u00f4i l\u00e0 nh\u1eefng ng\u01b0\u1eddi quan t\u00e2m t\u1edbi s\u1ef1 tr\u01b0\u1edfng th\u00e0nh t\u00e2m th\u1ee9c c\u00e1 nh\u00e2n c\u1ee7a ch\u00ednh m\u00ecnh. \u0110\u1ecba ch\u1ec9 website c\u1ee7a ch\u00fang t\u00f4i l\u00e0: &hellip; <\/p>\n","protected":false},"author":1,"featured_media":0,"parent":0,"menu_order":0,"comment_status":"closed","ping_status":"open","template":"","meta":{"footnotes":""},"class_list":["post-3","page","type-page","status-publish","hentry"],"_links":{"self":[{"href":"https:\/\/reikivietnam.org\/index.php?rest_route=\/wp\/v2\/pages\/3","targetHints":{"allow":["GET"]}}],"collection":[{"href":"https:\/\/reikivietnam.org\/index.php?rest_route=\/wp\/v2\/pages"}],"about":[{"href":"https:\/\/reikivietnam.org\/index.php?rest_route=\/wp\/v2\/types\/page"}],"author":[{"embeddable":true,"href":"https:\/\/reikivietnam.org\/index.php?rest_route=\/wp\/v2\/users\/1"}],"replies":[{"embeddable":true,"href":"https:\/\/reikivietnam.org\/index.php?rest_route=%2Fwp%2Fv2%2Fcomments&post=3"}],"version-history":[{"count":7,"href":"https:\/\/reikivietnam.org\/index.php?rest_route=\/wp\/v2\/pages\/3\/revisions"}],"predecessor-version":[{"id":1402,"href":"https:\/\/reikivietnam.org\/index.php?rest_route=\/wp\/v2\/pages\/3\/revisions\/1402"}],"wp:attachment":[{"href":"https:\/\/reikivietnam.org\/index.php?rest_route=%2Fwp%2Fv2%2Fmedia&parent=3"}],"curies":[{"name":"wp","href":"https:\/\/api.w.org\/{rel}","templated":true}]}}